on factor of 13 and 2327.
13
What is the highest common factor of 4 and 128?
4
What is the highest common factor of 155 and 496?
31
Calculate the greatest common divisor of 77 and 42.
7
Calculate the highest common factor of 935 and 5.
5
What is the highest common factor of 951 and 9?
3
Calculate the highest common divisor of 1737 and 772.
193
Calculate the greatest common factor of 135 and 2241.
27
What is the highest common factor of 15 and 6630?
15
Calculate the highest common divisor of 2464 and 42.
14
What is the greatest common divisor of 56 and 8848?
56
Calculate the greatest common divisor of 238 and 1400.
14
What is the greatest common factor of 513 and 19?
19
What is the highest common divisor of 17658 and 162?
162
What is the highest common factor of 3728 and 16?
16
What is the greatest common factor of 10 and 232?
2
Calculate the greatest common divisor of 2 and 1502.
2
Calculate the highest common factor of 60 and 4740.
60
Calculate the highest common factor of 2832 and 96.
48
Calculate the greatest common factor of 3801 and 21.
21
What is the highest common factor of 1883 and 7?
7
Calculate the highest common factor of 210 and 294.
42
What is the highest common divisor of 1 and 1?
1
Calculate the greatest common divisor of 1127 and 2597.
49
What is the greatest common divisor of 12 and 114?
6
Calculate the greatest common factor of 7 and 889.
7
What is the highest common divisor of 108 and 12?
12
What is the greatest common factor of 43 and 4171?
43
Calculate the greatest common factor of 238 and 544.
34
Calculate the highest common divisor of 2853 and 18.
9
Calculate the highest common factor of 240 and 190.
10
What is the highest common divisor of 135 and 3?
3
Calculate the highest common factor of 575 and 25.
25
Calculate the highest common divisor of 462 and 84.
42
Calculate the greatest common divisor of 2400 and 6.
6
Calculate the greatest common divisor of 205 and 82.
41
What is the highest common factor of 40 and 920?
40
What is the highest common factor of 2847 and 65?
13
Calculate the greatest common divisor of 12 and 105.
3
Calculate the greatest common divisor of 90 and 234.
18
Calculate the greatest common divisor of 34 and 272.
34
Calculate the greatest common divisor of 68 and 6494.
34
What is the highest common divisor of 39 and 663?
39
Calculate the highest common divisor of 14716 and 13.
13
Calculate the greatest common divisor of 26 and 9035.
13
What is the highest common divisor of 414 and 162?
18
Calculate the highest common factor of 58 and 290.
58
What is the highest common factor of 612 and 1116?
36
Calculate the highest common factor of 639 and 27.
9
What is the highest common divisor of 952 and 2492?
28
What is the greatest common divisor of 20920 and 4?
4
What is the highest common factor of 10912 and 93?
31
What is the highest common divisor of 230 and 1495?
115
What is the greatest common divisor of 13 and 91?
13
What is the highest common divisor of 4264 and 728?
104
What is the greatest common factor of 16 and 12?
4
Calculate the greatest common factor of 81 and 12.
3
What is the highest common divisor of 8 and 136?
8
What is the greatest common factor of 451 and 656?
41
What is the highest common factor of 88 and 341?
11
Calculate the greatest common divisor of 19 and 6023.
19
Calculate the highest common factor of 38 and 76.
38
What is the greatest common divisor of 2000 and 32?
16
Calculate the greatest common factor of 473 and 154.
11
What is the highest common divisor of 305 and 10?
5
What is the greatest common factor of 399 and 133?
133
Calculate the greatest common divisor of 75 and 200.
25
Calculate the greatest common factor of 494 and 6.
2
What is the highest common divisor of 130 and 338?
26
Calculate the greatest common divisor of 36 and 450.
18
Calculate the highest common divisor of 171 and 1.
1
Calculate the greatest common divisor of 2 and 298.
2
What is the highest common factor of 165 and 99?
33
Calculate the greatest common divisor of 4160 and 104.
104
Calculate the greatest common divisor of 5293 and 1943.
67
What is the greatest common divisor of 65 and 481?
13
What is the highest common divisor of 700 and 40?
20
Calculate the greatest common divisor of 3616 and 113.
113
Calculate the highest common factor of 24 and 16.
8
What is the greatest common factor of 371 and 14?
7
What is the greatest common divisor of 4 and 32?
4
Calculate the greatest common factor of 4758 and 234.
78
What is the highest common factor of 66 and 138?
6
What is the highest common factor of 26 and 26?
26
What is the greatest common factor of 16 and 68?
4
What is the greatest common factor of 1421 and 1568?
49
Calculate the highest common factor of 80 and 280.
40
Calculate the highest common factor of 1192 and 24.
8
Calculate the greatest common factor of 32 and 488.
8
Calculate the highest common factor of 1600 and 25.
25
What is the highest common divisor of 1207 and 34?
17
Calculate the greatest common factor of 142 and 284.
142
What is the greatest common divisor of 1375 and 250?
125
Calculate the greatest common divisor of 7 and 112.
7
What is the greatest common divisor of 72 and 36?
36
What is the highest common divisor of 63 and 693?
63
Calculate the greatest common factor of 320 and 2240.
320
What is the greatest common divisor of 973 and 77?
7
Calculate the highest common divisor of 512 and 16.
16
Calculate the highest common factor of 14 and 644.
14
What is the highest common factor of 9 and 909?
9
What is the greatest common factor of 1938 and 54?
6
What is the greatest common factor of 93 and 527?
31
Calculate the highest common factor of 124 and 52.
4
What is the highest common divisor of 35010 and 18?
18
What is the greatest common divisor of 33 and 253?
11
Calculate the greatest common factor of 899 and 31.
31
What is the greatest common factor of 6 and 1815?
3
What is the greatest common divisor of 32 and 88?
8
What is the greatest common divisor of 4081 and 14?
7
What is the highest common divisor of 448 and 6104?
56
Calculate the greatest common factor of 5 and 1640.
5
What is the highest common divisor of 222 and 74?
74
What is the greatest common divisor of 42 and 168?
42
What is the highest common divisor of 18 and 2250?
18
What is the greatest common divisor of 15 and 105?
15
What is the highest common factor of 1479 and 1392?
87
What is the highest common factor of 12 and 534?
6
Calculate the greatest common factor of 10 and 30.
10
Calculate the highest common divisor of 254 and 6.
2
What is the highest common divisor of 1107 and 117?
9
What is the greatest common divisor of 18424 and 56?
56
Calculate the greatest common divisor of 402 and 42.
6
Calculate the highest common divisor of 60 and 5300.
20
What is the highest common divisor of 693 and 99?
99
Calculate the highest common factor of 176 and 4384.
16
Calculate the highest common divisor of 63 and 3948.
21
What is the greatest common factor of 768 and 160?
32
Calculate the greatest common divisor of 380 and 120.
20
What is the greatest common divisor of 72 and 126?
18
Calculate the greatest common factor of 3 and 1563.
3
What is the highest common factor of 5725 and 100?
25
What is the highest common factor of 3903 and 3?
3
Calculate the highest common factor of 38836 and 1596.
532
Calculate the highest common factor of 165 and 15.
15
Calculate the greatest common divisor of 1843 and 76.
19
Calculate the highest common factor of 83 and 72.
1
What is the highest common divisor of 493 and 261?
29
What is the greatest common factor of 72 and 104?
8
What is the greatest common factor of 2 and 107?
1
What is the greatest common factor of 5544 and 42?
42
What is the greatest common factor of 43 and 56459?
43
What is the highest common divisor of 400 and 275?
25
What is the greatest common divisor of 213 and 135?
3
What is the highest common divisor of 13 and 52?
13
What is the greatest common factor of 708 and 804?
12
What is the greatest common divisor of 1025 and 41?
41
What is the highest common divisor of 814 and 222?
74
What is the greatest common divisor of 63 and 511?
7
What is the greatest common divisor of 120 and 210?
30
Calculate the highest common divisor of 1296 and 72.
72
Calculate the highest common divisor of 